reatest common factor of 475354 and 14432.
902
What is the highest common divisor of 3771446 and 14?
14
What is the highest common factor of 17941 and 9400699?
77
What is the greatest common factor of 4520126 and 3458?
26
What is the highest common factor of 4160 and 35895?
5
Calculate the highest common factor of 2502 and 3869482.
278
Calculate the highest common factor of 2775 and 44765745.
555
What is the greatest common divisor of 102 and 33676662?
6
What is the highest common factor of 784 and 6090553?
49
Calculate the highest common divisor of 19428571 and 72085.
1109
What is the highest common divisor of 1139914425 and 25065?
8355
Calculate the highest common factor of 224 and 2342564.
28
What is the greatest common factor of 73995820 and 1044?
116
Calculate the highest common divisor of 54006867 and 31.
31
Calculate the greatest common divisor of 12815 and 2655620.
55
Calculate the greatest common factor of 4580 and 12590.
10
Calculate the greatest common divisor of 10 and 337226770.
10
Calculate the greatest common factor of 2015 and 1477615.
155
Calculate the greatest common factor of 14055834 and 279.
93
Calculate the highest common divisor of 7980555 and 660.
165
Calculate the greatest common factor of 41440 and 806365.
35
Calculate the highest common divisor of 404008 and 7212461.
4591
Calculate the greatest common divisor of 12644 and 4943572.
116
Calculate the greatest common divisor of 7 and 911678698.
7
Calculate the highest common factor of 1340 and 105708178.
134
Calculate the highest common factor of 284525 and 599.
599
Calculate the highest common factor of 295625 and 16082.
473
What is the greatest common divisor of 3966 and 1969860642?
3966
Calculate the highest common divisor of 15493865 and 1006705.
2935
Calculate the greatest common factor of 483270 and 1125.
15
What is the greatest common divisor of 2596 and 9878?
22
What is the highest common factor of 2945 and 590934865?
2945
What is the greatest common factor of 186895401 and 3045?
609
Calculate the highest common divisor of 69051057 and 1374.
687
What is the highest common divisor of 1551 and 3734643?
33
Calculate the highest common divisor of 6038190 and 69.
69
What is the greatest common divisor of 7696 and 71838?
26
What is the highest common divisor of 247 and 7092719?
19
Calculate the highest common divisor of 408429 and 1953.
63
What is the highest common divisor of 146880 and 18495?
135
What is the greatest common divisor of 480459 and 908313?
3507
What is the highest common divisor of 4741157 and 1149?
383
What is the highest common divisor of 139340931 and 7324?
1831
Calculate the greatest common divisor of 55806984 and 48.
24
Calculate the highest common divisor of 44 and 1167847263.
11
What is the greatest common divisor of 382159 and 117963?
257
What is the greatest common factor of 2112670 and 98?
14
What is the greatest common factor of 51889 and 487464?
19
Calculate the greatest common divisor of 81593 and 61577.
139
What is the highest common factor of 370 and 162649558?
74
Calculate the highest common factor of 164334 and 12444.
366
Calculate the highest common divisor of 406 and 28877272.
58
What is the greatest common factor of 15694 and 14?
14
Calculate the greatest common divisor of 244376 and 1408.
88
What is the highest common divisor of 37330516 and 266?
38
Calculate the greatest common factor of 985476 and 205.
41
What is the highest common factor of 61 and 691849007?
61
What is the highest common divisor of 540 and 18891540?
180
What is the highest common divisor of 1217538 and 40446?
378
What is the highest common divisor of 4414016 and 3392?
64
Calculate the highest common factor of 95032 and 3153026.
3394
What is the highest common factor of 1108 and 431884?
4
What is the greatest common factor of 13075960 and 25620?
1220
What is the greatest common factor of 7161952 and 13440?
224
Calculate the highest common factor of 3320 and 150313.
83
Calculate the highest common factor of 241548 and 2012.
4
What is the highest common divisor of 80 and 305592670?
10
What is the greatest common divisor of 212 and 138158651?
53
Calculate the highest common divisor of 1219 and 242051.
53
What is the greatest common divisor of 153 and 951903?
9
Calculate the greatest common divisor of 287296667 and 20307.
6769
Calculate the highest common factor of 65115035 and 155.
155
What is the greatest common divisor of 26620 and 243739375?
6655
Calculate the greatest common divisor of 53329 and 15352478.
3137
Calculate the greatest common factor of 14150411 and 55.
11
What is the greatest common factor of 152944 and 42383?
11
Calculate the greatest common factor of 27795564 and 432911.
4463
What is the highest common divisor of 369610 and 105716495?
8035
What is the greatest common divisor of 6094 and 63691718?
554
What is the highest common factor of 182401 and 1263024?
179
What is the greatest common divisor of 191262 and 1427226?
762
What is the highest common factor of 48 and 1691692?
4
What is the greatest common factor of 129956500 and 375?
125
Calculate the greatest common divisor of 55047543 and 369.
123
Calculate the greatest common factor of 19683131 and 2938.
1469
Calculate the highest common divisor of 10 and 1430391230.
10
Calculate the greatest common divisor of 88221731 and 38152.
4769
What is the greatest common divisor of 18350 and 1150178?
734
What is the highest common factor of 120 and 11057070?
30
Calculate the greatest common divisor of 2655 and 2894245.
295
What is the highest common divisor of 78 and 339447?
3
What is the highest common factor of 6392708 and 7?
7
Calculate the greatest common divisor of 7268 and 170890667.
1817
Calculate the highest common divisor of 280254 and 48516.
78
Calculate the highest common factor of 2728 and 666776.
88
What is the highest common factor of 29167886 and 136?
34
Calculate the greatest common divisor of 314 and 16399749.
157
What is the greatest common divisor of 1841161294 and 157?
157
What is the highest common divisor of 890 and 1763535?
445
What is the greatest common divisor of 28 and 1346832?
4
Calculate the highest common factor of 118 and 20316827.
59
What is the highest common factor of 4057774 and 42?
14
What is the greatest common divisor of 1339761 and 1422?
237
What is the greatest common factor of 22266 and 3294131?
1237
Calculate the highest common factor of 285489799 and 2906.
1453
Calculate the greatest common divisor of 36941269 and 79.
79
Calculate the highest common factor of 728272 and 14.
2
What is the highest common factor of 291 and 54283916?
97
What is the greatest common divisor of 533 and 10555081?
41
What is the greatest common divisor of 290 and 6847132?
58
What is the greatest common divisor of 572 and 1531926?
22
What is the greatest common divisor of 2426082 and 3855057?
6351
Calculate the highest common divisor of 28195414 and 6846.
326
What is the highest common factor of 9140 and 3857600980?
9140
What is the highest common factor of 3696108 and 33196?
172
What is the highest common divisor of 996 and 7772124?
12
What is the highest common divisor of 4 and 11064942?
2
What is the greatest common factor of 54 and 18489303?
27
Calculate the greatest common divisor of 2292517 and 1604.
401
What is the highest common divisor of 3640 and 385210?
70
Calculate the highest common divisor of 1598384 and 17650.
706
What is the highest common divisor of 1104525 and 2495?
5
What is the highest common factor of 5914 and 2796071189?
2957
Calculate the greatest common divisor of 1110 and 17932290.
30
What is the greatest common factor of 180542782 and 70112?
4382
What is the greatest common divisor of 296 and 191142037?
37
Calculate the highest common divisor of 70830539 and 13.
13
What is the highest common divisor of 105816 and 2872?
8
What is the greatest common factor of 24968606 and 130?
26
What is the highest common divisor of 840 and 25870810?
70
What is the highest common divisor of 14 and 16120174?
14
What is the highest common factor of 71942 and 57044?
26
What is the highest common factor of 18235 and 33329933?
3647
What is the greatest common divisor of 22 and 10342882?
22
Calculate the highest common factor of 170 and 29450180.
10
What is the highest common fact